 -0*u. Let j be (-42)/(-10) + -2 + (-3)/15. Calculate the remainder when 36/j + -4 + 4 is divided by a.
7
Suppose 0 = 235*o - 231*o - 396. Suppose o = 3*x + 2*l, -5*x + 4*l + 101 + 64 = 0. What is the remainder when 461 is divided by x?
32
Suppose 6*u - 4*u = 250. Calculate the remainder when u is divided by 28/((-20)/(-5)*(-2)/(-4)).
13
Let l = -6966 + 7027. What is the remainder when 733 is divided by l?
1
Suppose -3*n + 5876 = 10*n. Calculate the remainder when n is divided by 57.
53
Suppose 5*z + 0*o = -3*o - 63, 3*o - 33 = 3*z. Calculate the remainder when 3/12 - 220/(-16) is divided by (-4)/(-6)*2*(-18)/z.
0
Let t(b) = 3*b**3 - 4*b**2 + b - 6. Let r be t(-4). Let a = r + 270. What is the remainder when 25 is divided by a?
1
Suppose -59 - 506 = -5*s. Let d = -164 + s. Let a = d - -77. Calculate the remainder when a is divided by 9.
8
Let o(l) = -10*l**3 + l. Calculate the remainder when 2024 is divided by o(-2).
74
What is the remainder when (-11824)/72*-12*(-12)/(-32) is divided by 52?
11
Let z(g) = -6*g + 22. Let y be z(0). Suppose 68 = 9*v - y. What is the remainder when 266 is divided by v?
6
Let c = -168 - -210. Suppose 6*u - 42 = c. What is the remainder when 235 is divided by u?
11
Suppose 2*m - 3*m + 65 = 0. Suppose -2*f - 3*f - g = -65, -4*g - m = -5*f. Calculate the remainder when f is divided by -1 + (-15 - -28) - (3 - 2/(-2)).
5
Let f = 9350 - 9318. What is the remainder when 147 is divided by f?
19
Suppose -17*m + 24*m = -14. Let t(r) = 19*r**2 - 10*r - 16. What is the remainder when t(m) is divided by 45?
35
Let i be (7/2*-2)/(7/(-119)). Suppose 0 = -13*d + 37 + i. Calculate the remainder when 50 is divided by d.
2
What is the remainder when (-2)/(-4) - (14/(-154) - (-105134)/(-44)) is divided by 104?
102
Let q(h) = h**2 + 26*h - 145. Let s be q(-31). Suppose 4*a - 4*m - 176 = 0, 3*a + 8*m - 132 = s*m. Calculate the remainder when 127 is divided by a.
39
Let k be ((-20)/(-6) - 2)*3. Suppose -4*a = -2*a + i - 37, 4*a - 76 = -k*i. Suppose -a = -2*o - 6. What is the remainder when 20 is divided by o?
2
Suppose 0 = -7*s + 308 + 14. Suppose 2*n = -q + 23 + 340, 1462 = 4*q + 3*n. What is the remainder when q is divided by s?
45
Suppose -13*i + 896 = 2*i - i. Calculate the remainder when 425 is divided by i.
41
Suppose z + 9*l - 11 = 2*z, 118 = 2*z + 2*l. Calculate the remainder when 722 is divided by z.
46
Let g(z) = -156*z + 15638. Let w(q) = q + 2. Calculate the remainder when g(100) is divided by w(7).
2
Let g = -1372 + 1639. What is the remainder when g is divided by 13?
7
Let t(d) = -d**3 + 4*d**2 - 4*d + 3. Let j be t(2). Suppose -2*f + k + 3*k = -266, -j*f - 4*k + 379 = 0. Calculate the remainder when f is divided by 26.
25
Let z(b) = b**2 + 6*b + 5. Suppose -5*m + 2*n + 2*n - 14 = 0, 4*m + 8 = 4*n. What is the remainder when z(m) is divided by 2/(-3) + 200/120?
0
Suppose -3*g + 49 = 5*r - 106, 5*r = -g + 155. Suppose r*f - 546 = 5*f. What is the remainder when 42 is divided by f?
0
Let x = -400 + 362. Calculate the remainder when (550/(-3))/(x/57) is divided by 46.
45
Suppose -243*p = -480*p + 251*p - 3164. What is the remainder when p is divided by 19?
17
What is the remainder when ((-98)/(-42) + -3)*669/(-2) is divided by 67?
22
Let t(c) = -c**3 - 2*c**2 - 2. Let p be t(-4). Let a = -27 + p. Suppose -8*k = -a*k + 20, -k = 3*l - 29. What is the remainder when l is divided by 8?
3
Suppose -98*j = -100*j + 1040. Let x(l) = l**3 + 44*l**2 - 142*l + 11. Calculate the remainder when j is divided by x(-47).
56
Let u = 5972 - 4756. Calculate the remainder when u is divided by 88.
72
Let o = -12302 - -12348. What is the remainder when 404 is divided by o?
36
Suppose -252 = -2*z - 2*z. Calculate the remainder when z is divided by (148/4)/1 - -4.
22
Suppose 4*n = 16, -5*r + 1 + 10 = -n. Suppose 0 = b + 5*g - 554, -3*b + 3*g = -1760 + 152. Let h = b + -537. What is the remainder when r is divided by h?
1
Let l be (0 + -4)*-5 + -1 - -4. Suppose 8*a + 120 = l*a. What is the remainder when 38 is divided by a?
6
Suppose 171*a - 3244 = 18131. Calculate the remainder when 423 is divided by a.
48
Suppose -4*x - 4*j = -96, 2*j - 103 = -4*x + 5*j. Suppose 39*p + 44*p - 839 = -9. What is the remainder when x is divided by p?
5
Suppose 2*w - 8*w - 699 = -1917. What is the remainder when w is divided by 38 - (-3 + (0 - 0))?
39
Suppose 13*v + 1309 = 6*v. Let x = 241 + v. What is the remainder when 377 is divided by x?
53
Let f(y) = 2*y**2 + 4*y - 30. Suppose 3*i - 280 = -2*i - 4*t, 0 = -2*i + 2*t + 94. Calculate the remainder when f(-9) is divided by i.
44
Suppose -5*t - 2*v + 8 = -46, 2*v + 6 = 0. Calculate the remainder when 21851 is divided by t.
11
Suppose 4*n - 1902 = -3*h, 0 = -36*n + 39*n + 4*h - 1430. Calculate the remainder when n is divided by 10.
4
Suppose 0 = 5*i - 92 - 323. Let r = i + -63. Calculate the remainder when 23 is divided by r.
3
Suppose -43*f - 96 = 119. Calculate the remainder when 12 is divided by -6*f/135 - 210/(-27).
4
Let d(c) = 132*c**2 + 3*c + 371. Calculate the remainder when 1130 is divided by d(0).
17
Suppose -5*y - 15415 = -5*p, 9*y - 5*y = -4*p + 12324. Suppose p = -7*s + 3145. Calculate the remainder when 106 is divided by s.
7
What is the remainder when 4493 is divided by -3*(1092/(-18) - -9)?
153
Let w(q) = q**3 - 3*q**2 - 33*q + 19. Let b be w(8). Suppose -b*p + 720 = -27*p. Calculate the remainder when p is divided by 10.
5
Suppose -4*j + 109 = l, 0*l - l - 5*j + 106 = 0. Let f = l - 71. Let x = -35 - -49. Calculate the remainder when f is divided by x.
8
Let w(j) be the second derivative of j**5/20 + j**4/4 + j**3/3 + 3*j**2 - 30*j. Calculate the remainder when w(4) is divided by 32.
30
Let v be ((-40)/(-75))/((-10)/25)*3. Calculate the remainder when 5 is divided by (0 + 3/(-4))*v.
2
Let q(g) = 3*g + 1. Let o be q(13). Suppose 7*l - o = 135. Suppose -l = -k + y, -4*y = -3*k + 51 + 19. What is the remainder when 56 is divided by k?
26
Let l = 30 + -18. Let s(b) = -34*b + 49. Let f be s(15). Let t = -331 - f. Calculate the remainder when t is divided by l.
10
Suppose -215*p - 178*p + 573300 = -68*p. Calculate the remainder when p is divided by 10.
4
Suppose -279*y + 278*y = -35. Suppose 0 = -j - 2*s + 28, 2*s - y = 3*j - 135. What is the remainder when j is divided by 32?
0
Calculate the remainder when 922 is divided by (623/(-56) - -11)*-1048.
5
Let s(o) = -o**3 + 54*o**2 - 274*o - 20. What is the remainder when s(19) is divided by 95?
94
Suppose -3*o + h = -0*o - 746, 3*h = -o + 242. Let l = o - 197. Calculate the remainder when l is divided by 6.
3
Let t(g) = -64*g + 72. Let j be t(5). Calculate the remainder when 179 is divided by -2*-1*j/(-16).
24
Suppose -15*q - 126 = -9*q. What is the remainder when 487 is divided by 112/32*(-60)/q?
7
Let k = 84 + -31. Suppose 2*w + 4*d - 756 = 8*d, 3*d = 0. Suppose 0 = -0*u + 14*u - w. Calculate the remainder when k is divided by u.
26
Let l = -38 + 132. Let j(n) = n**3 - 38*n**2 - 368*n + 26. What is the remainder when l is divided by j(46)?
16
Let z = -2705 + 2728. What is the remainder when 112 is divided by z?
20
Suppose -2*d - 4*s = -40 - 8, -4*d - 2*s + 78 = 0. What is the remainder when 3/(-2) + (-10)/80*3*-164 is divided by d?
6
Calculate the remainder when 560 is divided by (19 - 26) + 7*((-240)/14)/(-5).
16
What is the remainder when (1144/1430)/(2/595) is divided by 64?
46
Let w = -2720 - -2752. Calculate the remainder when 63422 is divided by w.
30
Let v be ((-44)/8 + -2)*2/(-3). Suppose g - 66 = -5*l, -v*l - 20 = -l. Suppose 4*k - 93 = -c, -c + k + g = 6*k. What is the remainder when c is divided by 13?
10
Suppose 3*p = -o + 69, -7*o - 5*p + 69 = -6*o. Suppose 11*c - 228 - o = 0. What is the remainder when 79 is divided by c?
25
Suppose -20*s + 1120 = -600. Let z(v) = v**3 - 14*v - 2. What is the remainder when s is divided by z(-3)?
8
What is the remainder when 3038 is divided by (-28)/(16 + (-10575)/650)?
22
Let o = 90 + -78. Suppose 21*l - 162 = o*l. Suppose l = b - 12. What is the remainder when 148 is divided by b?
28
Suppose -57 = -2*c + 53. Let q(k) = -k**2 - 17*k + 775. Calculate the remainder when c is divided by q(20).
20
What is the remainder when 342 is divided by -17 - (-107 + (-64)/16)?
60
Let k = 439 - 181. Suppose k = 3*t + 2*b, 